) + 49.
7
What is 5 + (4 - -1 - 6) - -54 - (-673 - -664)?
67
52 - (5 + 1 + (-8 - -22 - 1) + -6)
39
What is -19 + -23 + 1 + 2 + 14?
-25
Evaluate -29 + 33 + -34 + -42.
-72
Calculate -32 + 15 + (-33 - -28) + 30.
8
Evaluate -98 - -69 - 56 - 16.
-101
Evaluate (-30 + -16 + 38 - 9) + 18.
1
Calculate 76 - (-12 + 17 + -15 + -7 + 20) - 3.
70
Evaluate 90 - (37 - -60) - (-52 - (0 - -1)).
46
Evaluate 35 - (30 - -40) - (-10 - ((2 - 2) + -1)).
-26
5 + -4 + 58 - ((-15 - (-16 - 12)) + -5)
51
Evaluate (-7 - 13) + 9 + (37 - -3) + 9.
38
What is the value of -1 - 0 - ((690 - 677) + -32 + 1)?
17
2 + -62 - (175 - 167 - (1 + 1 - -6))
-60
(3 + -2 - -7) + 1 + (49 - 54)
4
What is the value of -2 + 14 - (-2 + 13 + (17 - (49 - 22)))?
11
Calculate 1 + 1 + 0 - (9 - -14 - (7 - -52)).
38
What is the value of -36 + 12 + 47 + -20 - (-136 + 2)?
137
Calculate -23 + 19 + -11 - (-21 - 0).
6
Evaluate (-81 - (-91 + 45)) + 24.
-11
What is (-19 - -107 - (-8 - 6) - 7) + -4 + -4?
87
What is 82 + -81 - 13 - -37?
25
What is the value of -13 - (-73 + 3) - (-1 - (1 - (-6 - -20)))?
45
1 + 40 - (0 + 3 + 1 + -6)
43
Calculate 1 + -4 - -70 - (-8 + -9 + -12 + 19).
77
What is (69 + -47 - (6 + -4)) + -120 + 18?
-82
Calculate -15 + -1 + 8 - (-50 + 1 + -2).
43
What is (1 - 2) + (-13 - 14) + (-52 - -39)?
-41
What is the value of 20 + (-9 - (-40 + 5)) + 11?
57
0 + (-8 - 1) + (68 - 140 - -53)
-28
116 - 75 - ((-6 - -3) + 1) - -1
44
What is (-61 - -21 - -32) + 2 + -2 + 2 + -62?
-68
-18 + 3 + -1 - (2 - 12 - 1 - -22)
-27
Evaluate 3946 - 3984 - (-124 + 0).
86
What is the value of (7 - (-3 - (-6 - 14))) + -97 + (-6 - -11)?
-102
What is -176 - (19 + -86 + -47)?
-62
What is the value of (-17 - 3) + 22 + (-34 - -10)?
-22
2 + (14 - -3) - (-131 + 181 + 2)
-33
Evaluate -42 + -15 + -30 + 149.
62
What is the value of 4 + (-11 - (-16 - (4 + 12)))?
25
What is the value of (2166 - 2201) + (-1 - -10) + -1?
-27
0 - -11 - ((16 - -22 - 17) + (-7 - 6))
3
What is the value of -48 - ((-13 + 12 - 44) + 26)?
-29
Calculate (7 - (3 - 42)) + -301 + 318 + (9 - 1).
71
Calculate 3 - (-43 - 3) - (16 - 22) - (-89 + 84).
60
What is (56 - 11) + 7 + -76?
-24
(0 + 2 + 0 - 0) + -45 + -6 + 21
-28
Calculate -14 + (-8 - (2 + -12 - 6)) - -16 - -16.
26
Calculate 167 + -28 + -31 + -13.
95
Calculate 16 + (1 - -2) - (-6 - (-108 - -38)).
-45
((-7 - 45) + 76 - (3 + -70)) + -6
85
-26 + (40 + -145 - -34)
-97
What is (-33 - -40) + 47 + -16?
38
What is 99 + -117 + (-6 - (-4 + -4)) + 56?
40
Calculate -31 - -67 - 2 - (-11 - -23).
22
What is 1 + -14 + (52 - (-32 + 68)) + 36?
39
What is the value of 64 + 6 + (-119 - -36)?
-13
(20 - 15) + -14 + 20 - -20
31
What is 45 + 0 + -623 + 606?
28
-2 + -7 - ((-34 - -10) + (18 - 87))
84
What is -18 + (2 - (-6 + 1)) + (2 - 1) + -45?
-55
What is the value of 0 + -10 - ((-2 - 22) + 4 + -14 + 1)?
23
Evaluate 60 + -63 + (-43 - -51).
5
Calculate (-3 - -17) + (-2 - (-1 + -3 + 2 + -2)).
16
Evaluate (-2 - 17) + -26 + 32 - (-103 - (25 + -21)).
94
Calculate -441 + 519 - (31 + 5).
42
Evaluate 12 - (56 - (7 + -7 + (3 - -3))).
-38
Calculate 30 + (-7 - -24 - 31).
16
Calculate (-127 - (-16 + (-2 + -10 - -9))) + 0 + 14.
-94
What is -145 - (-49 + 61 + -7 + (2 - 5))?
-147
Calculate -4 + (1 + 1 - -4 - (54 - (178 + -12))).
114
What is the value of -120 + 47 - (6 + (-2 - 5) + (-1 - 6))?
-65
What is -25 + 30 + 2 + 28 + -40?
-5
What is the value of -1448 + 1495 - (0 + 7)?
40
What is the value of (-12 + -3 - 13 - 4) + 8 + -9?
-33
Evaluate -4 - -4 - 104 - (-1766 + 1735).
-73
What is the value of -2 + (-73 - ((8 - (-9 - (-11 + 5))) + -12))?
-74
Calculate (-66 + (-5 - -10) - (-6 - -2 - 1)) + -1.
-57
Calculate -1 - (40 - 35) - (58 - 1) - -3.
-60
What is 11 + -21 + 28 - (84 + 0 + 14)?
-80
-18 + 24 - (-3 + -128 + -10)
147
What is (-74 - -34) + 42 + -2 + 13?
13
Calculate 16 + 33 + -73 + (-15 - (-1 - -1)).
-39
26 - (34 - 51) - (-17 - 42)
102
What is the value of (15 + (13 - 18) - (0 + 4) - -3) + -56?
-47
What is the value of (-55 - -99) + -45 + -24 + 4?
-21
What is the value of -98 + 37 - 16 - (-16 + -5)?
-56
What is (11 - 119 - (885 - 1002)) + (-64 - (0 - 1))?
-54
What is 41 - (43 + -38) - 40?
-4
(3 - (0 + 10)) + -16 + (10 - 7)
-20
What is (-22 + -3 - (-20 + 7)) + 66 - 2?
52
What is the value of 43 + -40 + 1 + 20?
24
Calculate 0 - (53 - -2) - (-47 - (-82 + 46)).
-44
Calculate -26 - (-29 + -53 + 15).
41
What is (14 - -2) + -15 + (27 - (-4 - -6)) + -3?
23
Evaluate (-346 - -455) + -17 + -8.
84
Calculate -13 + 20 + (-14 - 15) - -23.
1
Calculate 26 - (-15 + -12 + 45) - 10.
-2
What is (24 - -8) + -111 + 110?
31
Calculate (-8 - (67 + 7)) + 12 - (2 - (-7 - -19)).
-60
What is the value of -46 + (-13 - -13) + -1 + -35 + 23?
-59
1 + 15 - (32 - 27) - (-53 + 96) - 11
-43
Evaluate (-1 - -10) + (2 - -1) - (150 - 93).
-45
What is 26 + (11 - -9) - (-26 - -17)?
55
What is the value of -6 + -16 + (-24 - -91)?
45
Calculate (2 - (19 + -3)) + (-11 - (13 - (39 + -8))).
-7
What is the value of 103 + -111 - -146 - 53?
85
Evaluate 25 + -6 - ((60 - 69) + 1 + 17).
10
What is the value of (-41 - -28) + -7 + 27 + 14?
21
Calculate 9 - ((12 - (-48 + 27) - 151) + (1 - -10)).
116
Calculate 265 - 218 - (-14 + 35).
26
What is (-6 - 12) + (-31 - -16 - -43) - (-2 - 12)?
24
What is the value of -131 + (-119 - (-198 + 34))?
-86
What is 19 + (2 - -17 - (0 - -13))?
25
Evaluate 22 - 0 - (-1597 - -1604).
15
What is the value of -88 - (-1 + -47 + -113)?
73
Calculate -3 + -4 + (-1 - 2) + (-10 - (-43 + 1)).
22
What is the value of -21 + 4 + -15 + -2 + 505 + -499?
-28
Evaluate 52 - ((57 - 22) + -34 + -26).
77
What is the value of -35 + 1 + -25 - (-14 + 1)?
-46
What is the value of 82 + (-1 - 1) + (12 - (16 + -13) - 6)?
83
What is the value of -37 - (-5 - -2) - (57 + -41 + -10)?
-40
What is (-10 - -3 - (28 + 7 + -51)) + -38?
-29
-133 - (-109 - (-19 - -22))
-21
-56 - ((14 - 4) + 14 - (11 - 5))
-74
What is -95 - (112 + -87 - 148)?
28
(18 + -1 + -7 - 15) + -66 - (4 + -1)
-74
17 + -64 + 39 + 28 - (-3 + (5 - 2))
20
-16 + (-49 - -49 - (8 + 5 + -168 + -11))
150
Calculate 3 + 1 - ((0 - 44) + (-60 - -57)).
51
-42 + -6 + 1 - (-1538 + 1635)
-144
-19 + (13 - 34) + 25 - -11
-4
What is -55 + -52 + 81 + (2 - 2)?
-26
What is 5 + -20 + 4 + 29 + -10 + 2?
10
-1 + 11 - (-27 + (-18 - -41) + -8)
22
What is 25 - 2 - (-69 - -34)?
58
What is -11 - (86 - (-7 + (4 - -11)))?
-89
Evaluate -18 + (60 - 26) - -5.
21
16 + 26 + -27 - ((-16 - -9) + 43)
-21
Evaluate -6 - (41 + (-4 - (2 - -3)) + -1).
-37
What is the value of 8 - ((67 + -67 - -6) + (-1 - -2 - 1))?
2
What is -4 + (14 + -37 - (-68 + 3))?
38
What is the value of 6 + (-4 - (3 + -9)) - (-37 + (-9 - 7))?
61
Calculate -17 + 0 - (401 - 393).
-25
What is the value of 4 - 1 - (6 - (-81 + 90 + (1 - 56)))?
-49
What is -4 - 1 - (-246 + 79 - -218)?
-56
What is the value of (-116 - -114 - (-6 + 9)) + (-1 - -62)?
56
What is the value of (-1 - -6) + -17 + -1 + -1 - -43?
29
Evaluate (31 - (31 + 10)) + 25.
15
Calculate (-8 - -2) + 7 + (0 + -8 - 3) + 23.
13
Calculate (18 - 10 - 6) + 16 + -11 - 29.
-22
Calculate -7 + 34 + -84 + 13.
-44
What is 66 + -50 + (-29 - 28)?
-41
What is the value of -13 - -1 - (4 + -1 - 87) - (-14 + 26)?
60
Evaluate 1 - 2 - 42 - -67.
24
-216 + 198 + 36 + 0 + -38
-20
What is 62 + -4 + -139 - -131?
50
What is the value of -20 + 92 + -22 + -17 - -11?
44
Calculate 7 + 72 + -1 + -1 + (118 + -165 - -42).
72
What is the value of (117 + -125 - 89) + -1 + 27?
-71
-21 + (-1 - -13) + (-133 - -25 - -103)
-14
Calculate 46 - (34 + 42 + -29).
-1
-2 + (2 - 23 - (265 + -281))
-7
What is -56 + (16 - ((18 - 1) + -335 + 324))?
-46
34 - (-321 + 327 - (1 + -1 - 0))
28
Evaluate (43 - -19) + -35 + -21 - (-1 + 46).
-39
-17 + 15 + 1 + (-3 + 0 - (-20 + 16))
0
(-20 - -15) + (28 - 17) - 6
0
What is -3 + (3 + 3 - 97) + -40 + 52?
-82
Calculate 39 - 51 - 53 - ((6 - 1) + -1 + 2).
-71
What is the value of (-63 - -67 - -10) + -23?
-9
29 + (-105 - -84) - (-47 + -1 + -1)
57
What is the value of 1 + (6 - (-9 + 9 + -9 + 16 + -9))?
9
Calculate -91 - ((139 - 140) + (-4 - (-15 + 1)) + -1).
-99
Evaluate 8 + -25 - (-19 - -8) - -30.
24
What is -29 - (1 - (-6 + -2 + 9 + 1))?
-28
-11 + 38 + -6 - 28 - (5 + (2 - 13))
-1
-4 - 5 - (-61 - -37) - (18 - 8)
5
Calculate 9 + -34 + 15 + (-12 - -20) + (-1 - 23).
-26
What is 101 + 5 + (30 - 212)?
-76
Evaluate 927 + -865 - (5 + 95).
-38
Calculate (-129 - -40) + 85 - (-1 + 